*3 + 1. Let b(a) = a**3 - 15*a**2 + 16*a - 10. What is the remainder when b(14) is divided by i(1)?
4
Suppose -18 = 3*u - 51. Let z = u + -2. Calculate the remainder when 15 is divided by z.
6
Let d = -40 - -63. Calculate the remainder when d is divided by 6.
5
Let x(a) = 10*a - 1. Let n = 15 - 8. Let i be 39/21 + 1/n. What is the remainder when x(i) is divided by 11?
8
Suppose 1 = 4*m - 11. Suppose p - 30 = m*u + 17, 5*p + 4*u - 140 = 0. What is the remainder when p is divided by 6/(-9) - (-106)/6?
15
Let i = 10 + -5. Suppose 0 = 5*x - 15, -x - 2*x + 129 = i*w. Calculate the remainder when w is divided by 13.
11
Let m(i) = -i**2 - 9*i - 1. Suppose -2*c = 2*c + 24. Calculate the remainder when m(c) is divided by (-10 + 1)/(-1)*1.
8
Let t(z) = 36 - 3*z + 0*z + 4*z - 11. Calculate the remainder when 29 is divided by t(-14).
7
Let q = 72 - 37. Calculate the remainder when q is divided by 21.
14
Let s(i) = i + 6. Let z be s(-8). Calculate the remainder when 20 is divided by (-52)/(-8) - 1/z.
6
Let q = 90 + -59. Calculate the remainder when q is divided by 6.
1
Let q(g) = -11*g - 3. Suppose -4*x - 3 = 5. Suppose w + 1 - 11 = 0. Calculate the remainder when q(x) is divided by w.
9
Let c = -105 + 138. What is the remainder when 96 is divided by c?
30
Let k = 7 + -4. What is the remainder when 18 is divided by k?
0
Let s be ((-20)/3)/(6/(-9)). Suppose 3*t + 4*x - s = 6, 16 = t - 4*x. Suppose 0 = h - t + 2. Calculate the remainder when 23 is divided by h.
5
Let q = 2 + 26. What is the remainder when 194 is divided by q?
26
Let m be -3 - (3 + -3) - (1 + -4). Let t be ((-12)/5 - -2)*-5. Suppose 7*w - t*w - 20 = 5*o, m = 2*w + 4*o - 32. What is the remainder when w is divided by 5?
3
Suppose d + 21 = -17. Let l = d - -55. What is the remainder when l is divided by 7?
3
Suppose -3*s - 12 = 0, 2*b + 0*b + 5*s = 10. Suppose -p + 35 = -4*q, 0 = -3*q + 3 - b. Calculate the remainder when p is divided by 2 - (-7)/((-21)/(-24)).
9
Suppose 15 - 35 = -5*k. Suppose z - n = 66, -z + 59 = k*n - 2. Let a(j) = 21*j**3 + j**2 - j + 1. What is the remainder when z is divided by a(1)?
21
Suppose 0*a - 4*a = -44. Suppose 2*k - n - 16 = 0, 0*n - 48 = -4*k - 2*n. What is the remainder when k/(-25) + 314/10 is divided by a?
9
Let w = 0 - -3. Let v(c) = -6 - 3*c + 3*c**w - 2*c**3 - 5*c + 6*c**2. Calculate the remainder when 2 is divided by v(-7).
0
Let l be ((-8)/10)/(11/(-55)). Suppose 0*m - 96 = -l*m. Calculate the remainder when 71 is divided by m.
23
Let y = -10 - -15. Let c = -1 + 7. Suppose 0 = 3*i + 9, -c = -g + i - 2*i. Calculate the remainder when g is divided by y.
4
Suppose -9*o = -4*o - 150. Calculate the remainder when 59 is divided by o.
29
Let y(p) = 6*p**2 - 3*p + 5. Calculate the remainder when y(4) is divided by 23.
20
Let y(z) = 4*z - 5. Let l(g) = -3*g - 4. Calculate the remainder when y(9) is divided by l(-5).
9
Suppose 0*p + 2*t = 4*p - 102, -66 = -3*p - 2*t. Calculate the remainder when p is divided by (-14)/(-8)*-2*-2.
3
Let q(a) = a**3 - 4*a**2 + 2. Let x be q(3). Let s(y) = y - 3. Let o be s(6). Let h = o - x. Calculate the remainder when h is divided by 4.
2
Suppose 37 + 3 = 2*g. Let j be ((-6)/(-8))/((-1)/(-4)). What is the remainder when g is divided by ((-3)/9)/(j/(-63))?
6
Suppose 20 = 5*n, 0*n - 210 = -5*w + 5*n. Suppose 5*k - 29 = w. Suppose -77 - 52 = -3*t. Calculate the remainder when t is divided by k.
13
Let j = 76 - 48. What is the remainder when 109 is divided by j?
25
Suppose 0 = -4*x + 20 + 4. Suppose -2*t - 32 = -x*t. Suppose 3*u - t = u. Calculate the remainder when u is divided by 3.
1
Let u(q) = q**2 - 3*q - 3. Let d be u(4). Let t be 0 - (-2 + (-12)/2). Suppose -3*r + t = -d. Calculate the remainder when 5 is divided by r.
2
Suppose 3*w + 15 + 40 = u, 0 = 5*u - 5*w - 255. Calculate the remainder when u is divided by 21.
7
What is the remainder when ((-40)/(-25))/((-2)/(-80)) is divided by 13?
12
Calculate the remainder when 37 is divided by -2 + 0 - (-1 + -15).
9
Let i = 9 + -6. Suppose -4*f = -l + 14, -3 - 9 = -i*l + 2*f. What is the remainder when 3 is divided by l?
1
Suppose -v = 2*i - 34, 5*v - 38 = -4*i + 18. What is the remainder when i is divided by 11?
8
Suppose -3*u = -2*u - 19. Let h = 5 + -1. Suppose -q + 48 = h*b - 5*q, -3*b + 4*q = -38. Calculate the remainder when u is divided by b.
9
Let q = -15 - -21. Calculate the remainder when q is divided by 5.
1
Let q(w) = -w**3 + w**2 + 3*w - 2. Let h be q(2). Suppose -5*i - u + 0*u + 119 = h, 3*i - 4*u = 53. Calculate the remainder when i is divided by 12.
11
Suppose 4*d - 5*u = 13, -d = 4*u + 5 - 3. Suppose 2*y - 44 + 4 = 4*i, 3*y + d*i - 20 = 0. What is the remainder when 38 is divided by y?
8
Let r(l) = -3*l - 4. What is the remainder when 31 is divided by r(-5)?
9
Calculate the remainder when -8 + 10 + (0 - -41) is divided by 11.
10
Let i(t) = 3*t**2 - 4*t + 4. Calculate the remainder when i(3) is divided by 7.
5
Let r = -29 + 187. What is the remainder when r is divided by 27?
23
Let g = 11 - 0. Suppose g = -3*a - 10. Let h(y) = -y**2 - 8*y + 3. What is the remainder when h(a) is divided by 4?
2
Suppose 5*w = 2*w - 9, -2*w - 44 = -2*n. Calculate the remainder when 73 is divided by n.
16
Suppose 3*x - 6 = -0. Suppose 0 = 4*n, 5*y - 3*n - 21 = 24. Calculate the remainder when y is divided by x.
1
Let z(w) = 2*w**2 + 3*w + 3. Let c be z(3). Suppose i = -4*i + c. Calculate the remainder when 37 is divided by (19/3)/(i/18).
18
Suppose 2*c - 3*n = 3, 0*c - c + 3*n = 0. Suppose -l - 2 - 17 = -2*w, -3*l - 13 = -2*w. Calculate the remainder when w is divided by c.
2
Suppose 0*f = f + 1. Let o(u) = -30*u**3 - u**2 + u + 1. Calculate the remainder when o(f) is divided by 8.
5
Suppose 0 = 6*m - 27 - 141. Calculate the remainder when 108 is divided by m.
24
Let r = 54 - 34. What is the remainder when 39 is divided by r?
19
Suppose 2*w + 3*o = 37, 4*w - 2*w - 3*o = 31. Calculate the remainder when 64 is divided by w.
13
Let y = 273 - 214. Calculate the remainder when y is divided by 31.
28
Let t = 1 + 4. Suppose 0*k - t*g + 89 = 3*k, 5*k = -g + 163. What is the remainder when k is divided by 9?
6
Suppose 5*k - 2 = f - 13, 2*f + 20 = -4*k. What is the remainder when ((-10)/(-6))/((-1)/k) is divided by 2?
1
Let t = -16 - -26. Let o = t + -7. What is the remainder when 7 is divided by o?
1
Let t be 211/(-2)*(-3 - -1). Suppose -2*w = -t - 193. Suppose 48 = n - 4*v, -w = -5*n - v + 2*v. Calculate the remainder when n is divided by 14.
12
Let a(h) = -h**2 - 6*h - 5. Let j be a(-5). Suppose j = 3*i - 13 - 2. Calculate the remainder when 19 is divided by i.
4
Suppose 4*y = -y + 85. Let j = 30 + y. Suppose -q + 2 = -14. Calculate the remainder when j is divided by q.
15
Suppose -14*o + 4*o = -230. Calculate the remainder when o is divided by 9.
5
Suppose -4 = u - 49. What is the remainder when 37 is divided by (-4)/3*u/(-3)?
17
Suppose -7*s = -4*s - 21. Calculate the remainder when 27 is divided by s.
6
Let h = -8 - -43. Suppose h = -2*u + 3*u. Calculate the remainder when u is divided by 12.
11
Suppose -2*c = -3*c - 1. Let h = c - -3. Calculate the remainder when 18 is divided by 168/18 - h/(-3).
8
Let g be (-2)/(2 + 4/(-1)). Let t(m) = -6*m**2 + 11*m + 4. Let v(l) = l**2 - l. Let p(f) = g*t(f) + 5*v(f). What is the remainder when p(6) is divided by 3?
1
Suppose -5*j = -0*j + 55. Let n(y) = -y**3 - 12*y**2 - 11*y + 14. What is the remainder when 27 is divided by n(j)?
13
Suppose n = 3*n - 346. Suppose -4*v - h + n = -55, 166 = 3*v + 2*h. Calculate the remainder when v is divided by 20.
18
Let h(y) = 17*y**2 - 6*y - 4. Calculate the remainder when h(-2) is divided by 13.
11
Suppose -n = -16 - 35. What is the remainder when n is divided by 13?
12
Suppose 0 = 5*q - 66 + 6. Let f = 124 + -79. What is the remainder when f is divided by q?
9
Let c(v) = 4*v**2 + 2*v - 1. Let g(q) = 3*q**2 + 3*q - 2. Let f(i) = -4*c(i) + 5*g(i). What is the remainder when 10 is divided by f(4)?
4
Let z = 83 + -62. What is the remainder when 81 is divided by z?
18
Let o = 3 - 4. Let q(l) = 5*l**2 + 2*l + 1. Let x be q(o). What is the remainder when 10 is divided by (-1)/(-4) + 23/x?
4
Let o(l) = l + 32. Suppose 2*p - 262 = -5*q - 69, 3*p = 5*q - 173. Calculate the remainder when q is divided by o(-19).
11
Calcula